{"id":325,"date":"2021-05-19T06:27:38","date_gmt":"2021-05-19T06:27:38","guid":{"rendered":"http:\/\/glutationcisteina.com\/?page_id=325"},"modified":"2026-01-18T18:25:30","modified_gmt":"2026-01-18T18:25:30","slug":"inicio-anterior","status":"publish","type":"page","link":"https:\/\/glutationcisteina.com\/index.php\/inicio-anterior\/","title":{"rendered":"INICIO anterior"},"content":{"rendered":"\t\t<div data-elementor-type=\"wp-page\" data-elementor-id=\"325\" class=\"elementor elementor-325\" data-elementor-post-type=\"page\">\n\t\t\t\t\t\t<section class=\"elementor-section elementor-top-section elementor-element elementor-element-ede2c7c elementor-section-boxed elementor-section-height-default elementor-section-height-default\" data-id=\"ede2c7c\" data-element_type=\"section\" data-e-type=\"section\">\n\t\t\t\t\t\t\t<div class=\"elementor-background-overlay\"><\/div>\n\t\t\t\t\t\t\t<div class=\"elementor-container elementor-column-gap-default\">\n\t\t\t\t\t<div class=\"elementor-column elementor-col-100 elementor-top-column elementor-element elementor-element-03f1414\" data-id=\"03f1414\" data-element_type=\"column\" data-e-type=\"column\">\n\t\t\t<div class=\"elementor-widget-wrap elementor-element-populated\">\n\t\t\t\t\t\t<div class=\"elementor-element elementor-element-d4aa949 elementor-widget-mobile__width-inherit elementor-widget elementor-widget-heading\" data-id=\"d4aa949\" data-element_type=\"widget\" data-e-type=\"widget\" data-widget_type=\"heading.default\">\n\t\t\t\t<div class=\"elementor-widget-container\">\n\t\t\t\t\t<h1 class=\"elementor-heading-title elementor-size-default\">Recupera tu Energ\u00eda, Refuerza tu Salud y Vive con Vitalidad Desde Adentro<\/h1>\t\t\t\t<\/div>\n\t\t\t\t<\/div>\n\t\t\t\t<div class=\"elementor-element elementor-element-05043a6 elementor-widget elementor-widget-text-editor\" data-id=\"05043a6\" data-element_type=\"widget\" data-e-type=\"widget\" data-widget_type=\"text-editor.default\">\n\t\t\t\t<div class=\"elementor-widget-container\">\n\t\t\t\t\t\t\t\t\t<p>El Secreto Celular que tu cuerpo necesita para protegerse,\u00a0<span style=\"font-style: inherit; font-weight: inherit;\">sanar y rendir mejor<\/span><\/p>\t\t\t\t\t\t\t\t<\/div>\n\t\t\t\t<\/div>\n\t\t\t\t<div class=\"elementor-element elementor-element-6c6cc5f elementor-align-center elementor-widget elementor-widget-button\" data-id=\"6c6cc5f\" data-element_type=\"widget\" data-e-type=\"widget\" data-widget_type=\"button.default\">\n\t\t\t\t<div class=\"elementor-widget-container\">\n\t\t\t\t\t\t\t\t\t<div class=\"elementor-button-wrapper\">\n\t\t\t\t\t<a class=\"elementor-button elementor-button-link elementor-size-sm\" href=\"http:\/\/glutationcisteina.com\/index.php\/glutation\/\">\n\t\t\t\t\t\t<span class=\"elementor-button-content-wrapper\">\n\t\t\t\t\t\t<span class=\"elementor-button-icon\">\n\t\t\t\t<i aria-hidden=\"true\" class=\"far fa-arrow-alt-circle-right\"><\/i>\t\t\t<\/span>\n\t\t\t\t\t\t\t\t\t<span class=\"elementor-button-text\">Saber m\u00e1s<\/span>\n\t\t\t\t\t<\/span>\n\t\t\t\t\t<\/a>\n\t\t\t\t<\/div>\n\t\t\t\t\t\t\t\t<\/div>\n\t\t\t\t<\/div>\n\t\t\t\t\t<\/div>\n\t\t<\/div>\n\t\t\t\t\t<\/div>\n\t\t<\/section>\n\t\t\t\t<section class=\"elementor-section elementor-top-section elementor-element elementor-element-3dee1322 elementor-section-content-middle elementor-section-boxed elementor-section-height-default elementor-section-height-default\" data-id=\"3dee1322\" data-element_type=\"section\" data-e-type=\"section\">\n\t\t\t\t\t\t<div class=\"elementor-container elementor-column-gap-no\">\n\t\t\t\t\t<div class=\"elementor-column elementor-col-100 elementor-top-column elementor-element elementor-element-3a0640e2\" data-id=\"3a0640e2\" data-element_type=\"column\" data-e-type=\"column\">\n\t\t\t<div class=\"elementor-widget-wrap elementor-element-populated\">\n\t\t\t\t\t\t<div class=\"elementor-element elementor-element-1b772db8 elementor-widget elementor-widget-heading\" data-id=\"1b772db8\" data-element_type=\"widget\" data-e-type=\"widget\" data-widget_type=\"heading.default\">\n\t\t\t\t<div class=\"elementor-widget-container\">\n\t\t\t\t\t<h2 class=\"elementor-heading-title elementor-size-default\">Beneficios de Glutati\u00f3n y Ciste\u00edna<\/h2>\t\t\t\t<\/div>\n\t\t\t\t<\/div>\n\t\t\t\t<div class=\"elementor-element elementor-element-2dbd4140 elementor-widget elementor-widget-heading\" data-id=\"2dbd4140\" data-element_type=\"widget\" data-e-type=\"widget\" data-widget_type=\"heading.default\">\n\t\t\t\t<div class=\"elementor-widget-container\">\n\t\t\t\t\t<h3 class=\"elementor-heading-title elementor-size-medium\">Como ayudan a eliminar los problemas de salud m\u00e1s comunes.<\/h3>\t\t\t\t<\/div>\n\t\t\t\t<\/div>\n\t\t\t\t\t<\/div>\n\t\t<\/div>\n\t\t\t\t\t<\/div>\n\t\t<\/section>\n\t\t\t\t<section class=\"elementor-section elementor-top-section elementor-element elementor-element-c7a2bd8 elementor-section-boxed elementor-section-height-default elementor-section-height-default\" data-id=\"c7a2bd8\" data-element_type=\"section\" data-e-type=\"section\">\n\t\t\t\t\t\t<div class=\"elementor-container elementor-column-gap-default\">\n\t\t\t\t\t<div class=\"elementor-column elementor-col-50 elementor-top-column elementor-element elementor-element-d0420d0\" data-id=\"d0420d0\" data-element_type=\"column\" data-e-type=\"column\">\n\t\t\t<div class=\"elementor-widget-wrap elementor-element-populated\">\n\t\t\t\t\t\t<div class=\"elementor-element elementor-element-6761eb5 elementor-widget elementor-widget-image\" data-id=\"6761eb5\" data-element_type=\"widget\" data-e-type=\"widget\" data-widget_type=\"image.default\">\n\t\t\t\t<div class=\"elementor-widget-container\">\n\t\t\t\t\t\t\t\t\t\t\t\t\t\t\t\t<a href=\"http:\/\/glutationcisteina.com\/index.php\/enfermedades\/\">\n\t\t\t\t\t\t\t<img fetchpriority=\"high\" decoding=\"async\" width=\"600\" height=\"467\" src=\"https:\/\/glutationcisteina.com\/wp-content\/uploads\/2021\/05\/ENFEREMEDADES02b.jpg\" class=\"attachment-full size-full wp-image-1238\" alt=\"\" srcset=\"https:\/\/glutationcisteina.com\/wp-content\/uploads\/2021\/05\/ENFEREMEDADES02b.jpg 600w, https:\/\/glutationcisteina.com\/wp-content\/uploads\/2021\/05\/ENFEREMEDADES02b-300x234.jpg 300w\" sizes=\"(max-width: 600px) 100vw, 600px\" \/>\t\t\t\t\t\t\t\t<\/a>\n\t\t\t\t\t\t\t\t\t\t\t\t\t\t\t<\/div>\n\t\t\t\t<\/div>\n\t\t\t\t\t<\/div>\n\t\t<\/div>\n\t\t\t\t<div class=\"elementor-column elementor-col-50 elementor-top-column elementor-element elementor-element-1d31ca1\" data-id=\"1d31ca1\" data-element_type=\"column\" data-e-type=\"column\">\n\t\t\t<div class=\"elementor-widget-wrap elementor-element-populated\">\n\t\t\t\t\t\t<div class=\"elementor-element elementor-element-2cdb46a elementor-widget elementor-widget-image\" data-id=\"2cdb46a\" data-element_type=\"widget\" data-e-type=\"widget\" data-widget_type=\"image.default\">\n\t\t\t\t<div class=\"elementor-widget-container\">\n\t\t\t\t\t\t\t\t\t\t\t\t\t\t\t\t<a href=\"http:\/\/glutationcisteina.com\/index.php\/enfermedades\/\">\n\t\t\t\t\t\t\t<img decoding=\"async\" width=\"600\" height=\"467\" data-src=\"https:\/\/glutationcisteina.com\/wp-content\/uploads\/2021\/05\/ENFEREMEDADES01b.jpg\" class=\"attachment-full size-full wp-image-1237 lazyload\" alt=\"\" data-srcset=\"https:\/\/glutationcisteina.com\/wp-content\/uploads\/2021\/05\/ENFEREMEDADES01b.jpg 600w, https:\/\/glutationcisteina.com\/wp-content\/uploads\/2021\/05\/ENFEREMEDADES01b-300x234.jpg 300w\" data-sizes=\"(max-width: 600px) 100vw, 600px\" src=\"data:image\/svg+xml;base64,PHN2ZyB3aWR0aD0iMSIgaGVpZ2h0PSIxIiB4bWxucz0iaHR0cDovL3d3dy53My5vcmcvMjAwMC9zdmciPjwvc3ZnPg==\" style=\"--smush-placeholder-width: 600px; --smush-placeholder-aspect-ratio: 600\/467;\" \/>\t\t\t\t\t\t\t\t<\/a>\n\t\t\t\t\t\t\t\t\t\t\t\t\t\t\t<\/div>\n\t\t\t\t<\/div>\n\t\t\t\t\t<\/div>\n\t\t<\/div>\n\t\t\t\t\t<\/div>\n\t\t<\/section>\n\t\t\t\t<section class=\"elementor-section elementor-top-section elementor-element elementor-element-933fa86 elementor-section-boxed elementor-section-height-default elementor-section-height-default\" data-id=\"933fa86\" data-element_type=\"section\" data-e-type=\"section\">\n\t\t\t\t\t\t<div class=\"elementor-container elementor-column-gap-default\">\n\t\t\t\t\t<div class=\"elementor-column elementor-col-100 elementor-top-column elementor-element elementor-element-0110c0c\" data-id=\"0110c0c\" data-element_type=\"column\" data-e-type=\"column\">\n\t\t\t<div class=\"elementor-widget-wrap elementor-element-populated\">\n\t\t\t\t\t\t<div class=\"elementor-element elementor-element-964e140 elementor-align-center elementor-widget elementor-widget-button\" data-id=\"964e140\" data-element_type=\"widget\" data-e-type=\"widget\" data-widget_type=\"button.default\">\n\t\t\t\t<div class=\"elementor-widget-container\">\n\t\t\t\t\t\t\t\t\t<div class=\"elementor-button-wrapper\">\n\t\t\t\t\t<a class=\"elementor-button elementor-button-link elementor-size-sm elementor-animation-grow\" href=\"http:\/\/glutationcisteina.com\/index.php\/enfermedades\/\">\n\t\t\t\t\t\t<span class=\"elementor-button-content-wrapper\">\n\t\t\t\t\t\t<span class=\"elementor-button-icon\">\n\t\t\t\t<i aria-hidden=\"true\" class=\"far fa-arrow-alt-circle-right\"><\/i>\t\t\t<\/span>\n\t\t\t\t\t\t\t\t\t<span class=\"elementor-button-text\">Saber m\u00e1s<\/span>\n\t\t\t\t\t<\/span>\n\t\t\t\t\t<\/a>\n\t\t\t\t<\/div>\n\t\t\t\t\t\t\t\t<\/div>\n\t\t\t\t<\/div>\n\t\t\t\t\t<\/div>\n\t\t<\/div>\n\t\t\t\t\t<\/div>\n\t\t<\/section>\n\t\t\t\t<section class=\"elementor-section elementor-top-section elementor-element elementor-element-8f30ed5 elementor-section-boxed elementor-section-height-default elementor-section-height-default\" data-id=\"8f30ed5\" data-element_type=\"section\" data-e-type=\"section\">\n\t\t\t\t\t\t<div class=\"elementor-container elementor-column-gap-default\">\n\t\t\t\t\t<div class=\"elementor-column elementor-col-100 elementor-top-column elementor-element elementor-element-88d68f6\" data-id=\"88d68f6\" data-element_type=\"column\" data-e-type=\"column\">\n\t\t\t<div class=\"elementor-widget-wrap elementor-element-populated\">\n\t\t\t\t\t\t<div class=\"elementor-element elementor-element-7e3904f elementor-shape-circle elementor-grid-0 e-grid-align-center elementor-widget elementor-widget-social-icons\" data-id=\"7e3904f\" data-element_type=\"widget\" data-e-type=\"widget\" data-widget_type=\"social-icons.default\">\n\t\t\t\t<div class=\"elementor-widget-container\">\n\t\t\t\t\t\t\t<div class=\"elementor-social-icons-wrapper elementor-grid\" role=\"list\">\n\t\t\t\t\t\t\t<span class=\"elementor-grid-item\" role=\"listitem\">\n\t\t\t\t\t<a class=\"elementor-icon elementor-social-icon elementor-social-icon-facebook elementor-repeater-item-f37cca0\" href=\"https:\/\/www.facebook.com\/glutationcisteinaysalud\" target=\"_blank\">\n\t\t\t\t\t\t<span class=\"elementor-screen-only\">Facebook<\/span>\n\t\t\t\t\t\t<i aria-hidden=\"true\" class=\"fab fa-facebook\"><\/i>\t\t\t\t\t<\/a>\n\t\t\t\t<\/span>\n\t\t\t\t\t\t\t<span class=\"elementor-grid-item\" role=\"listitem\">\n\t\t\t\t\t<a class=\"elementor-icon elementor-social-icon elementor-social-icon-instagram elementor-repeater-item-3a1b176\" target=\"_blank\">\n\t\t\t\t\t\t<span class=\"elementor-screen-only\">Instagram<\/span>\n\t\t\t\t\t\t<i aria-hidden=\"true\" class=\"fab fa-instagram\"><\/i>\t\t\t\t\t<\/a>\n\t\t\t\t<\/span>\n\t\t\t\t\t<\/div>\n\t\t\t\t\t\t<\/div>\n\t\t\t\t<\/div>\n\t\t\t\t\t<\/div>\n\t\t<\/div>\n\t\t\t\t\t<\/div>\n\t\t<\/section>\n\t\t\t\t<section class=\"elementor-section elementor-top-section elementor-element elementor-element-982e715 elementor-section-boxed elementor-section-height-default elementor-section-height-default\" data-id=\"982e715\" data-element_type=\"section\" data-e-type=\"section\">\n\t\t\t\t\t\t<div class=\"elementor-container elementor-column-gap-default\">\n\t\t\t\t\t<div class=\"elementor-column elementor-col-100 elementor-top-column elementor-element elementor-element-83035d9\" data-id=\"83035d9\" data-element_type=\"column\" data-e-type=\"column\">\n\t\t\t<div class=\"elementor-widget-wrap\">\n\t\t\t\t\t\t\t<\/div>\n\t\t<\/div>\n\t\t\t\t\t<\/div>\n\t\t<\/section>\n\t\t\t\t<\/div>\n\t\t","protected":false},"excerpt":{"rendered":"<p>Recupera tu Energ\u00eda, Refuerza tu Salud y Vive con Vitalidad Desde Adentro El Secreto Celular que tu cuerpo necesita para protegerse,\u00a0sanar y rendir mejor Saber m\u00e1s Beneficios de Glutati\u00f3n y Ciste\u00edna Como ayudan a eliminar los problemas de salud m\u00e1s comunes. Saber m\u00e1s Facebook Instagram<\/p>\n","protected":false},"author":1,"featured_media":0,"parent":0,"menu_order":0,"comment_status":"closed","ping_status":"closed","template":"elementor_header_footer","meta":{"site-sidebar-layout":"no-sidebar","site-content-layout":"page-builder","ast-site-content-layout":"default","site-content-style":"default","site-sidebar-style":"default","ast-global-header-display":"","ast-banner-title-visibility":"","ast-main-header-display":"","ast-hfb-above-header-display":"","ast-hfb-below-header-display":"","ast-hfb-mobile-header-display":"","site-post-title":"disabled","ast-breadcrumbs-content":"","ast-featured-img":"disabled","footer-sml-layout":"","ast-disable-related-posts":"","theme-transparent-header-meta":"default","adv-header-id-meta":"","stick-header-meta":"","header-above-stick-meta":"","header-main-stick-meta":"","header-below-stick-meta":"","astra-migrate-meta-layouts":"default","ast-page-background-enabled":"default","ast-page-background-meta":{"desktop":{"background-color":"","background-image":"","background-repeat":"repeat","background-position":"center center","background-size":"auto","background-attachment":"scroll","background-type":"","background-media":"","overlay-type":"","overlay-color":"","overlay-opacity":"","overlay-gradient":""},"tablet":{"background-color":"","background-image":"","background-repeat":"repeat","background-position":"center center","background-size":"auto","background-attachment":"scroll","background-type":"","background-media":"","overlay-type":"","overlay-color":"","overlay-opacity":"","overlay-gradient":""},"mobile":{"background-color":"","background-image":"","background-repeat":"repeat","background-position":"center center","background-size":"auto","background-attachment":"scroll","background-type":"","background-media":"","overlay-type":"","overlay-color":"","overlay-opacity":"","overlay-gradient":""}},"ast-content-background-meta":{"desktop":{"background-color":"var(--ast-global-color-5)","background-image":"","background-repeat":"repeat","background-position":"center center","background-size":"auto","background-attachment":"scroll","background-type":"","background-media":"","overlay-type":"","overlay-color":"","overlay-opacity":"","overlay-gradient":""},"tablet":{"background-color":"var(--ast-global-color-5)","background-image":"","background-repeat":"repeat","background-position":"center center","background-size":"auto","background-attachment":"scroll","background-type":"","background-media":"","overlay-type":"","overlay-color":"","overlay-opacity":"","overlay-gradient":""},"mobile":{"background-color":"var(--ast-global-color-5)","background-image":"","background-repeat":"repeat","background-position":"center center","background-size":"auto","background-attachment":"scroll","background-type":"","background-media":"","overlay-type":"","overlay-color":"","overlay-opacity":"","overlay-gradient":""}},"footnotes":""},"class_list":["post-325","page","type-page","status-publish","hentry"],"yoast_head":"<!-- This site is optimized with the Yoast SEO plugin v27.4 - https:\/\/yoast.com\/product\/yoast-seo-wordpress\/ -->\n<title>Glutati&oacute;n y Ciste&iacute;na - Ciencia y Naturaleza para tu salud<\/title>\n<meta name=\"description\" content=\"Bienvenido a nuestra pagina para quien quiere conocer los grandes beneficios del Glutati\u00f3n y la ciste\u00edna para tu salud\" \/>\n<meta name=\"robots\" content=\"index, follow, max-snippet:-1, max-image-preview:large, max-video-preview:-1\" \/>\n<link rel=\"canonical\" href=\"https:\/\/glutationcisteina.com\/index.php\/inicio-anterior\/\" \/>\n<meta property=\"og:locale\" content=\"es_ES\" \/>\n<meta property=\"og:type\" content=\"article\" \/>\n<meta property=\"og:title\" content=\"Glutati&oacute;n y Ciste&iacute;na - Ciencia y Naturaleza para tu salud\" \/>\n<meta property=\"og:description\" content=\"Bienvenido a nuestra pagina para quien quiere conocer los grandes beneficios del Glutati\u00f3n y la ciste\u00edna para tu salud\" \/>\n<meta property=\"og:url\" content=\"https:\/\/glutationcisteina.com\/index.php\/inicio-anterior\/\" \/>\n<meta property=\"og:site_name\" content=\"Glutati&oacute;n y Ciste&iacute;na\" \/>\n<meta property=\"article:modified_time\" content=\"2026-01-18T18:25:30+00:00\" \/>\n<meta property=\"og:image\" content=\"http:\/\/glutationcisteina.com\/wp-content\/uploads\/2021\/05\/ENFEREMEDADES02b.jpg\" \/>\n<meta name=\"twitter:card\" content=\"summary_large_image\" \/>\n<meta name=\"twitter:label1\" content=\"Tiempo de lectura\" \/>\n\t<meta name=\"twitter:data1\" content=\"2 minutos\" \/>\n<script type=\"application\/ld+json\" class=\"yoast-schema-graph\">{\"@context\":\"https:\\\/\\\/schema.org\",\"@graph\":[{\"@type\":\"WebPage\",\"@id\":\"https:\\\/\\\/glutationcisteina.com\\\/index.php\\\/inicio-anterior\\\/\",\"url\":\"https:\\\/\\\/glutationcisteina.com\\\/index.php\\\/inicio-anterior\\\/\",\"name\":\"Glutati&oacute;n y Ciste&iacute;na - Ciencia y Naturaleza para tu salud\",\"isPartOf\":{\"@id\":\"https:\\\/\\\/glutationcisteina.com\\\/#website\"},\"primaryImageOfPage\":{\"@id\":\"https:\\\/\\\/glutationcisteina.com\\\/index.php\\\/inicio-anterior\\\/#primaryimage\"},\"image\":{\"@id\":\"https:\\\/\\\/glutationcisteina.com\\\/index.php\\\/inicio-anterior\\\/#primaryimage\"},\"thumbnailUrl\":\"http:\\\/\\\/glutationcisteina.com\\\/wp-content\\\/uploads\\\/2021\\\/05\\\/ENFEREMEDADES02b.jpg\",\"datePublished\":\"2021-05-19T06:27:38+00:00\",\"dateModified\":\"2026-01-18T18:25:30+00:00\",\"description\":\"Bienvenido a nuestra pagina para quien quiere conocer los grandes beneficios del Glutati\u00f3n y la ciste\u00edna para tu salud\",\"breadcrumb\":{\"@id\":\"https:\\\/\\\/glutationcisteina.com\\\/index.php\\\/inicio-anterior\\\/#breadcrumb\"},\"inLanguage\":\"es\",\"potentialAction\":[{\"@type\":\"ReadAction\",\"target\":[\"https:\\\/\\\/glutationcisteina.com\\\/index.php\\\/inicio-anterior\\\/\"]}]},{\"@type\":\"ImageObject\",\"inLanguage\":\"es\",\"@id\":\"https:\\\/\\\/glutationcisteina.com\\\/index.php\\\/inicio-anterior\\\/#primaryimage\",\"url\":\"https:\\\/\\\/glutationcisteina.com\\\/wp-content\\\/uploads\\\/2021\\\/05\\\/ENFEREMEDADES02b.jpg\",\"contentUrl\":\"https:\\\/\\\/glutationcisteina.com\\\/wp-content\\\/uploads\\\/2021\\\/05\\\/ENFEREMEDADES02b.jpg\",\"width\":600,\"height\":467},{\"@type\":\"BreadcrumbList\",\"@id\":\"https:\\\/\\\/glutationcisteina.com\\\/index.php\\\/inicio-anterior\\\/#breadcrumb\",\"itemListElement\":[{\"@type\":\"ListItem\",\"position\":1,\"name\":\"Portada\",\"item\":\"https:\\\/\\\/glutationcisteina.com\\\/\"},{\"@type\":\"ListItem\",\"position\":2,\"name\":\"INICIO anterior\"}]},{\"@type\":\"WebSite\",\"@id\":\"https:\\\/\\\/glutationcisteina.com\\\/#website\",\"url\":\"https:\\\/\\\/glutationcisteina.com\\\/\",\"name\":\"Glutati\u00f3n y Ciste\u00edna\",\"description\":\"Immunocal Ciencia para tu Salud\",\"publisher\":{\"@id\":\"https:\\\/\\\/glutationcisteina.com\\\/#\\\/schema\\\/person\\\/30b8310741b36663c62406a2320d5431\"},\"potentialAction\":[{\"@type\":\"SearchAction\",\"target\":{\"@type\":\"EntryPoint\",\"urlTemplate\":\"https:\\\/\\\/glutationcisteina.com\\\/?s={search_term_string}\"},\"query-input\":{\"@type\":\"PropertyValueSpecification\",\"valueRequired\":true,\"valueName\":\"search_term_string\"}}],\"inLanguage\":\"es\"},{\"@type\":[\"Person\",\"Organization\"],\"@id\":\"https:\\\/\\\/glutationcisteina.com\\\/#\\\/schema\\\/person\\\/30b8310741b36663c62406a2320d5431\",\"name\":\"admin\",\"image\":{\"@type\":\"ImageObject\",\"inLanguage\":\"es\",\"@id\":\"https:\\\/\\\/glutationcisteina.com\\\/wp-content\\\/uploads\\\/2021\\\/05\\\/logo-pagina-azul.png\",\"url\":\"https:\\\/\\\/glutationcisteina.com\\\/wp-content\\\/uploads\\\/2021\\\/05\\\/logo-pagina-azul.png\",\"contentUrl\":\"https:\\\/\\\/glutationcisteina.com\\\/wp-content\\\/uploads\\\/2021\\\/05\\\/logo-pagina-azul.png\",\"width\":1400,\"height\":200,\"caption\":\"admin\"},\"logo\":{\"@id\":\"https:\\\/\\\/glutationcisteina.com\\\/wp-content\\\/uploads\\\/2021\\\/05\\\/logo-pagina-azul.png\"},\"sameAs\":[\"http:\\\/\\\/glutationcisteina.com\"]}]}<\/script>\n<!-- \/ Yoast SEO plugin. -->","yoast_head_json":{"title":"Glutati&oacute;n y Ciste&iacute;na - Ciencia y Naturaleza para tu salud","description":"Bienvenido a nuestra pagina para quien quiere conocer los grandes beneficios del Glutati\u00f3n y la ciste\u00edna para tu salud","robots":{"index":"index","follow":"follow","max-snippet":"max-snippet:-1","max-image-preview":"max-image-preview:large","max-video-preview":"max-video-preview:-1"},"canonical":"https:\/\/glutationcisteina.com\/index.php\/inicio-anterior\/","og_locale":"es_ES","og_type":"article","og_title":"Glutati&oacute;n y Ciste&iacute;na - Ciencia y Naturaleza para tu salud","og_description":"Bienvenido a nuestra pagina para quien quiere conocer los grandes beneficios del Glutati\u00f3n y la ciste\u00edna para tu salud","og_url":"https:\/\/glutationcisteina.com\/index.php\/inicio-anterior\/","og_site_name":"Glutati&oacute;n y Ciste&iacute;na","article_modified_time":"2026-01-18T18:25:30+00:00","og_image":[{"url":"http:\/\/glutationcisteina.com\/wp-content\/uploads\/2021\/05\/ENFEREMEDADES02b.jpg","type":"","width":"","height":""}],"twitter_card":"summary_large_image","twitter_misc":{"Tiempo de lectura":"2 minutos"},"schema":{"@context":"https:\/\/schema.org","@graph":[{"@type":"WebPage","@id":"https:\/\/glutationcisteina.com\/index.php\/inicio-anterior\/","url":"https:\/\/glutationcisteina.com\/index.php\/inicio-anterior\/","name":"Glutati&oacute;n y Ciste&iacute;na - Ciencia y Naturaleza para tu salud","isPartOf":{"@id":"https:\/\/glutationcisteina.com\/#website"},"primaryImageOfPage":{"@id":"https:\/\/glutationcisteina.com\/index.php\/inicio-anterior\/#primaryimage"},"image":{"@id":"https:\/\/glutationcisteina.com\/index.php\/inicio-anterior\/#primaryimage"},"thumbnailUrl":"http:\/\/glutationcisteina.com\/wp-content\/uploads\/2021\/05\/ENFEREMEDADES02b.jpg","datePublished":"2021-05-19T06:27:38+00:00","dateModified":"2026-01-18T18:25:30+00:00","description":"Bienvenido a nuestra pagina para quien quiere conocer los grandes beneficios del Glutati\u00f3n y la ciste\u00edna para tu salud","breadcrumb":{"@id":"https:\/\/glutationcisteina.com\/index.php\/inicio-anterior\/#breadcrumb"},"inLanguage":"es","potentialAction":[{"@type":"ReadAction","target":["https:\/\/glutationcisteina.com\/index.php\/inicio-anterior\/"]}]},{"@type":"ImageObject","inLanguage":"es","@id":"https:\/\/glutationcisteina.com\/index.php\/inicio-anterior\/#primaryimage","url":"https:\/\/glutationcisteina.com\/wp-content\/uploads\/2021\/05\/ENFEREMEDADES02b.jpg","contentUrl":"https:\/\/glutationcisteina.com\/wp-content\/uploads\/2021\/05\/ENFEREMEDADES02b.jpg","width":600,"height":467},{"@type":"BreadcrumbList","@id":"https:\/\/glutationcisteina.com\/index.php\/inicio-anterior\/#breadcrumb","itemListElement":[{"@type":"ListItem","position":1,"name":"Portada","item":"https:\/\/glutationcisteina.com\/"},{"@type":"ListItem","position":2,"name":"INICIO anterior"}]},{"@type":"WebSite","@id":"https:\/\/glutationcisteina.com\/#website","url":"https:\/\/glutationcisteina.com\/","name":"Glutati\u00f3n y Ciste\u00edna","description":"Immunocal Ciencia para tu Salud","publisher":{"@id":"https:\/\/glutationcisteina.com\/#\/schema\/person\/30b8310741b36663c62406a2320d5431"},"potentialAction":[{"@type":"SearchAction","target":{"@type":"EntryPoint","urlTemplate":"https:\/\/glutationcisteina.com\/?s={search_term_string}"},"query-input":{"@type":"PropertyValueSpecification","valueRequired":true,"valueName":"search_term_string"}}],"inLanguage":"es"},{"@type":["Person","Organization"],"@id":"https:\/\/glutationcisteina.com\/#\/schema\/person\/30b8310741b36663c62406a2320d5431","name":"admin","image":{"@type":"ImageObject","inLanguage":"es","@id":"https:\/\/glutationcisteina.com\/wp-content\/uploads\/2021\/05\/logo-pagina-azul.png","url":"https:\/\/glutationcisteina.com\/wp-content\/uploads\/2021\/05\/logo-pagina-azul.png","contentUrl":"https:\/\/glutationcisteina.com\/wp-content\/uploads\/2021\/05\/logo-pagina-azul.png","width":1400,"height":200,"caption":"admin"},"logo":{"@id":"https:\/\/glutationcisteina.com\/wp-content\/uploads\/2021\/05\/logo-pagina-azul.png"},"sameAs":["http:\/\/glutationcisteina.com"]}]}},"_links":{"self":[{"href":"https:\/\/glutationcisteina.com\/index.php\/wp-json\/wp\/v2\/pages\/325","targetHints":{"allow":["GET"]}}],"collection":[{"href":"https:\/\/glutationcisteina.com\/index.php\/wp-json\/wp\/v2\/pages"}],"about":[{"href":"https:\/\/glutationcisteina.com\/index.php\/wp-json\/wp\/v2\/types\/page"}],"author":[{"embeddable":true,"href":"https:\/\/glutationcisteina.com\/index.php\/wp-json\/wp\/v2\/users\/1"}],"replies":[{"embeddable":true,"href":"https:\/\/glutationcisteina.com\/index.php\/wp-json\/wp\/v2\/comments?post=325"}],"version-history":[{"count":667,"href":"https:\/\/glutationcisteina.com\/index.php\/wp-json\/wp\/v2\/pages\/325\/revisions"}],"predecessor-version":[{"id":3180,"href":"https:\/\/glutationcisteina.com\/index.php\/wp-json\/wp\/v2\/pages\/325\/revisions\/3180"}],"wp:attachment":[{"href":"https:\/\/glutationcisteina.com\/index.php\/wp-json\/wp\/v2\/media?parent=325"}],"curies":[{"name":"wp","href":"https:\/\/api.w.org\/{rel}","templated":true}]}}